is the greatest common factor of o and g?
28
Let r be -32*-2*9/8. Suppose x + 4*s - 71 = 0, -r = -3*x - 3*s + 186. Calculate the highest common factor of 13 and x.
13
Let m(g) = -2*g - 11. Let o be m(-10). Suppose -o*w + 19*w - 630 = 0. What is the greatest common factor of 18 and w?
9
Suppose -l = l. Suppose -15 = -3*y + 3*s, l = 2*y + 5*s - 3 - 21. What is the greatest common factor of y and 49?
7
Let j = 51 - 31. Suppose -5*o + 2*o = 0. Suppose -4*h + 0*h + 240 = o. What is the highest common factor of h and j?
20
Let q = -685 - -707. Calculate the greatest common divisor of 121 and q.
11
Let b be (-10 + (-312)/(-30))*620. What is the greatest common factor of b and 12?
4
Let f be ((-246)/(-8))/(6/8). What is the highest common factor of f and 1599?
41
Let x(p) = -p**3 + 8*p**2 - 9*p - 27. Let k be x(5). Suppose -4*o + 10 = o. Let q = 1 + o. What is the highest common divisor of k and q?
3
Let t(w) = -20*w + 982. Let m be t(46). What is the highest common divisor of 4402 and m?
62
Suppose -w - z + 26 = 0, 0 = 5*z - 3*z - 6. Let x = -86 - -178. What is the greatest common factor of w and x?
23
Suppose 20 = -10*a + 15*a. Suppose f = -3*j - 5, -4*j - 5*f = -6 - 2. Let h be (24/(1*j))/(-2). Calculate the highest common divisor of a and h.
4
Let b be ((-44)/55)/(2*(-2)/30). Let a(z) = z**2 - 5*z + 2. Let k be a(5). Suppose -k*v = -9 - 21. What is the highest common divisor of v and b?
3
Suppose 13*o - 84 = 11*o. Let w be (-48 + 49)*2/((-4)/(-14)). What is the greatest common factor of o and w?
7
Let u be (-5 + 14)*(-47)/(-3). Let b = 326 - u. What is the highest common divisor of b and 37?
37
Let d be ((-2)/(-3))/(10/45). Let s be (0 + -2)/(d/(-18)). What is the greatest common divisor of 12 and s?
12
Suppose -82 = -4*h - 62. Suppose 2*f - 9 = 1. Suppose -5 - 266 = -f*p - q, -h*q = -5*p + 295. What is the highest common divisor of p and 22?
11
Suppose i + y = 4*y + 6, 0 = i - y - 16. Suppose 0 = -4*w - i - 19. Let p be (-4)/w - 148/(-5). What is the greatest common divisor of 12 and p?
6
Let a(s) = -4*s - 3. Let y(u) = u + 1. Let k(w) = -a(w) - 6*y(w). Let n be k(-7). Let g = 4 + n. What is the highest common factor of 6 and g?
3
Suppose -5*f - 121 + 1356 = 0. Calculate the highest common factor of f and 13.
13
Let u(q) = -q**2 + 14*q - 23. Let m = -16 + 28. Let p be u(m). Let d(t) = 55*t**2 - t + 2. Let o be d(p). Calculate the greatest common factor of o and 14.
14
Let s(o) = 4*o**2 + 17*o + 39. Let r be s(-9). What is the highest common factor of r and 84?
42
Let d(y) = -3*y + 16. Let o(j) = 15*j**3 + 3*j + 2. Let x be o(-1). Let q = -24 - x. Let i be d(q). Calculate the greatest common divisor of 40 and i.
40
Let v = 932 - 903. Calculate the greatest common factor of 87 and v.
29
Let k = 7 - 7. Suppose -2*j + 2 = -k*j. What is the greatest common factor of j and 5?
1
Let y be 84/16*4*(-4)/(-6). Calculate the greatest common divisor of 434 and y.
14
Let w = 258 + -236. Let h = 6 + -12. Let o(b) = b**2 + 5*b - 4. Let m be o(h). Calculate the highest common divisor of m and w.
2
Let h be 66/(-1 + -2)*1. Let g = 26 + h. Suppose -a = g*a - 135. Calculate the greatest common divisor of 3 and a.
3
Suppose 475 - 691 = -3*u. Calculate the highest common divisor of u and 8.
8
Suppose 23*i - 9 = 336. Calculate the greatest common factor of 39 and i.
3
Let r = 375 + -261. Calculate the greatest common factor of 190 and r.
38
Let q = 25 + -15. Suppose -2*s - 34 = -i, 46 + q = -3*s + 4*i. Let m be s/6*(-9)/6. Calculate the greatest common divisor of 12 and m.
4
Let j be (-758)/(-2) - (14 - (-221)/(-17)). Calculate the greatest common factor of 108 and j.
54
Let b be 2/19 + (-42720)/(-285). Calculate the greatest common divisor of 375 and b.
75
Let a(k) = 9*k + 133. Let s be a(-13). Calculate the highest common factor of s and 4.
4
Let g = 69 + -63. Suppose 0*c - 5*c + v = -78, c = 3*v + 24. Calculate the highest common factor of c and g.
3
Suppose 5*d + 3*y = 5 + 19, 5*d - 9 = 2*y. What is the highest common factor of d and 375?
3
Suppose -7*c + 4*c + 6 = 0. Let w(m) = -5*m**2 + 23*m + 3. Let a be w(5). Let h be c/a + (-186)/(-14). What is the highest common factor of 104 and h?
13
Suppose 4*x - 93 = -j, x - 5*j - 87 = -2*x. Calculate the greatest common divisor of 48 and x.
24
Suppose 0 = 2*n + 2*n - 420. What is the highest common factor of 35 and n?
35
Suppose -2*x + 564 = -3*r, x = 5*r - 143 + 411. What is the highest common factor of x and 72?
72
Suppose -114*h - 12296 = -122*h. Calculate the greatest common divisor of h and 53.
53
Let a = 40 - 47. Let u(k) = k**3 + 6*k**2 - 5*k + 16. Let j be u(a). What is the highest common factor of j and 2?
2
Suppose -4*a + 32 = -0. Let s be 4/14 - 446/(-7). What is the highest common divisor of a and s?
8
Let c(n) = -3*n + 109. Let m be c(27). What is the greatest common factor of 16 and m?
4
Let a = -147 + 175. Calculate the highest common factor of 32 and a.
4
Suppose 121*u - 137*u + 400 = 0. What is the highest common factor of 575 and u?
25
Let n be 6 + -2 - (-59 + 43). Calculate the highest common divisor of n and 620.
20
Suppose 3 + 17 = y. Let z = y + -5. Suppose -5 = -n, -2*d + z = -3*n + 2*n. What is the highest common divisor of d and 10?
10
Suppose 2*a - 39 = -5*b, -2*b + 29 = b + 4*a. Let h be (-180)/(-35)*b/2. Let q = 24 - h. Calculate the highest common factor of q and 30.
6
Suppose -71 - 124 = -3*n. Let r = -35 + n. Suppose -3*d - r = -4*d. What is the greatest common divisor of 10 and d?
10
Suppose -z - 6 = -11, -5*t + 3*z = -45. Calculate the greatest common factor of 948 and t.
12
Let y be ((-50)/(0 + 1))/(19/(-76)). What is the highest common factor of 640 and y?
40
Let i = -5 + 9. Let h(z) = 2 + i - 14*z - z**2 - 3. Let j be h(-11). What is the highest common divisor of j and 9?
9
Suppose -179*m - 11 = -181*m - y, 0 = 3*y + 21. Suppose -1 = 3*t + 5. Let v = t - -3. Calculate the greatest common divisor of m and v.
1
Suppose -3*p + 24 = -p. Let g be 9*(-4 + 9 + -4). Let n be -8 + -4 + g - -87. Calculate the greatest common divisor of n and p.
12
Let o = -2216 + 2226. Let z be 2/(-8) + 201/4. Calculate the greatest common factor of o and z.
10
Suppose 94*j = 89*j + 1495. Calculate the highest common factor of j and 23.
23
Let d = -293 - -357. Calculate the greatest common divisor of d and 144.
16
Let o be (5 - 44)*-3*7. What is the highest common factor of 63 and o?
63
Let r be 4*(-4)/56 - 1404/(-14). Suppose -10*k + 6*k + r = 0. Calculate the greatest common divisor of k and 10.
5
Suppose 0 = -10*s + 5*s. Suppose -2*p + 2*u + 0*u + 18 = s, -4 = -2*u. Calculate the highest common factor of 11 and p.
11
Let l(f) = f**3 - 19*f**2 - 71*f + 138. Let u be l(22). What is the greatest common factor of 63 and u?
7
Let t(s) be the first derivative of -3*s**2/2 - s + 33. Suppose -4*y - y = 20. Let z be t(y). What is the greatest common factor of z and 121?
11
Suppose -724 + 214 = -34*y. Calculate the highest common factor of 375 and y.
15
Let o be 77877/81 - 8/18. What is the highest common factor of o and 31?
31
Let d(j) = -j - 7. Let z be d(-11). Suppose 6 = 2*x + 2*q, z*q + 17 = 5*x - 7. What is the greatest common divisor of 1 and x?
1
Suppose 2*j + 2*t - 690 = 0, 15*j - t - 1365 = 11*j. Calculate the greatest common divisor of j and 304.
38
Let k(q) = -q + 1. Let l(a) = a**2 + 6*a + 2. Let v be 1 - 1 - 5/1. Let z be l(v). Let s be k(z). What is the greatest common divisor of 4 and s?
4
Suppose 6*q + 10 = 8*q. Suppose -6*p + 1 = -q. Let z be 17*1/p + 1. What is the greatest common factor of 12 and z?
6
Let c be (20/(-25))/(4/(-30)). Let r = c + 0. Suppose 0 = -3*o + r. Calculate the highest common factor of o and 1.
1
Let w = 808 - -50. What is the greatest common factor of 66 and w?
66
Let p be ((-7)/(-3))/(1211/13494). Calculate the greatest common factor of p and 3406.
26
Let p = 5 + -3. Let q be (0 - -1)/(p/24). Let h(g) = -g**2 - 218*g - 5713. Let u be h(-31). Calculate the greatest common divisor of q and u.
12
Suppose -y - 2*y + 18 = 0. Suppose -y*x + 16 = -2*x. Suppose x*l + 2*j + 0*j - 70 = 0, 80 = 5*l + j. What is the greatest common divisor of l and 30?
15
Let i be 6030/63 + 2/7. Let y = i + -67. Calculate the greatest common divisor of y and 145.
29
Let x be 2164/24 - (-2)/(-12). Sup